2067779 prime?
True
Is 14260153661 composite?
True
Is 494722607 composite?
True
Is 7700648647 a composite number?
True
Is 405349759 prime?
True
Is 2529047749 a prime number?
True
Is 1721078497 prime?
True
Is 60559919237 a prime number?
True
Is 41013612493 composite?
True
Is 79567555601 composite?
True
Is 2166058183 a composite number?
True
Is 41084800369 a prime number?
True
Is 3402956311 composite?
False
Is 66667682897 composite?
False
Is 5464309681 a prime number?
False
Is 10395543559 a composite number?
False
Is 26869172509 a composite number?
True
Is 135831959 composite?
False
Is 916519423 prime?
True
Is 642585913 prime?
False
Is 9147143249 prime?
False
Is 120075694003 a prime number?
True
Is 25569729193 a composite number?
True
Is 70540155391 prime?
False
Is 90492697255 a composite number?
True
Is 2217215881 a prime number?
True
Is 135457039 composite?
False
Is 12791465639 prime?
True
Is 421568869 a composite number?
True
Is 490884421 composite?
True
Is 2041379183 composite?
False
Is 4708693673 composite?
False
Is 12405603829 a composite number?
True
Is 2521226927 prime?
True
Is 29479469713 prime?
True
Is 56388042173 composite?
False
Is 543684263 a composite number?
False
Is 2453553533 prime?
True
Is 16827063167 a prime number?
False
Is 460091111801 prime?
False
Is 192161326901 a prime number?
False
Is 643134902 a composite number?
True
Is 15411718923 prime?
False
Is 49912458415 a prime number?
False
Is 375139517 a prime number?
True
Is 7614272191 a composite number?
True
Is 2258810881 a composite number?
False
Is 1951410353 a prime number?
False
Is 1040178397 a prime number?
True
Is 41441502611 composite?
True
Is 670351567 prime?
True
Is 4671164411 a composite number?
True
Is 27498511877 a composite number?
False
Is 63595284217 a prime number?
False
Is 1707005711 composite?
False
Is 2783177329 composite?
True
Is 715293857 composite?
False
Is 579686323 composite?
False
Is 30592920497 a prime number?
False
Is 1438639327 composite?
False
Is 55162115 a composite number?
True
Is 18688309619 a prime number?
False
Is 7931397113 a composite number?
True
Is 28243078769 a prime number?
False
Is 391639921 prime?
False
Is 12286048919 a prime number?
True
Is 562462982 a prime number?
False
Is 425992373 a composite number?
True
Is 323268157 a prime number?
True
Is 17598092279 a prime number?
True
Is 100644749927 a composite number?
True
Is 851184479 composite?
False
Is 24573029531 prime?
True
Is 9110749499 prime?
True
Is 6779856019 a composite number?
False
Is 11808896459 composite?
False
Is 4966764941 composite?
False
Is 26382731597 composite?
False
Is 34139664527 a composite number?
True
Is 2461045859 a composite number?
False
Is 688979363 a composite number?
True
Is 337615196923 a prime number?
True
Is 58665312659 composite?
False
Is 17455527389 a prime number?
True
Is 115771709 a prime number?
True
Is 3214085911 prime?
True
Is 3869319401 a prime number?
False
Is 9934562137 a composite number?
False
Is 1204021559 a prime number?
False
Is 19832302767 a prime number?
False
Is 273073481 a prime number?
True
Is 15400576897 prime?
True
Is 91000751 a prime number?
True
Is 5565304081 a prime number?
True
Is 200259718 a prime number?
False
Is 1535724409 composite?
False
Is 20860092661 a prime number?
False
Is 134765551 composite?
False
Is 97851165238 prime?
False
Is 4684029881 a composite number?
True
Is 1282982653 prime?
False
Is 18577467527 prime?
False
Is 3240466459 a composite number?
False
Is 2315908339 a prime number?
False
Is 6335073323 composite?
False
Is 33910177 a prime number?
False
Is 368879981 prime?
True
Is 191252933 composite?
False
Is 1824145181 prime?
True
Is 197041501 a prime number?
True
Is 2044868017 a prime number?
True
Is 55369043 a prime number?
False
Is 37204221581 a composite number?
False
Is 184394778743 composite?
True
Is 991231193 composite?
True
Is 79936621 composite?
True
Is 20051606249 a prime number?
True
Is 2019649693 composite?
False
Is 30139303478 a prime number?
False
Is 1651836073 a composite number?
False
Is 78194316157 a prime number?
False
Is 1579280673 composite?
True
Is 1310989687 composite?
True
Is 2232478387 a prime number?
True
Is 50757708077 a composite number?
True
Is 4675651177 prime?
False
Is 226303267 composite?
False
Is 89253253741 a composite number?
True
Is 100687361 prime?
True
Is 1653922753 a prime number?
False
Is 83090223353 composite?
True
Is 2569330523 composite?
True
Is 1778646761 a prime number?
True
Is 2552230181 a composite number?
False
Is 21769980847 a prime number?
True
Is 2284886531 prime?
True
Is 76435717649 a prime number?
True
Is 36560413 a prime number?
False
Is 2212570079 composite?
False
Is 825560543 composite?
True
Is 18481696163 a composite number?
True
Is 2517091541 prime?
True
Is 64060661267 composite?
True
Is 243932203277 a prime number?
False
Is 380250067 composite?
True
Is 1448270133 a prime number?
False
Is 47250059 a prime number?
False
Is 4109232341 composite?
True
Is 1910039757 prime?
False
Is 481536613 a composite number?
False
Is 30856334849 composite?
True
Is 6441548401 a prime number?
False
Is 104954749 a prime number?
False
Is 463810069 composite?
True
Is 836392099 a composite number?
True
Is 40914507549 composite?
True
Is 3995661377 composite?
True
Is 457501049 prime?
False
Is 2023220811 a composite number?
True
Is 2195290033 a prime number?
False
Is 3307332943 a prime number?
True
Is 718088149 a composite number?
True
Is 193523810531 composite?
True
Is 91922302117 a composite number?
False
Is 12006359 composite?
False
Is 78266534597 prime?
False
Is 48807226213 a composite number?
True
Is 1140902369 composite?
True
Is 9746053873 prime?
False
Is 10080557 composite?
False
Is 476979209 a prime number?
False
Is 1202378003 prime?
True
Is 2999840789 a prime number?
False
Is 15384013693 prime?
False
Is 365099941 composite?
False
Is 19624155583 a prime number?
True
Is 1019753227 a composite number?
True
Is 1897374593 composite?
False
Is 172744215733 composite?
True
Is 5603966567 a composite number?
True
Is 140251073 a composite number?
False
Is 70766901379 a composite number?
False
Is 11473177633 a prime number?
False
Is 35658331319 composite?
True
Is 2888829677 prime?
False
Is 174725697 a composite number?
True
Is 4547384277 composite?
True
Is 1562185085 composite?
True
Is 5027831561 a composite number?
False
Is 9310957367 a composite number?
True
Is 4214266873 composite?
False
Is 14572962889 a composite number?
True
Is 7449742133 composite?
True
Is 4428307493 a composite number?
False
Is 169180070797 prime?
False
Is 12149891731 prime?
True
Is 10975113217 composite?
False
Is 17268489685 prime?
False
Is 30423973 a composite number?
True
Is 126853442711 composite?
False
Is 690551291 composite?
False
Is 107009147269 composite?
False
Is 1728872771 a prime number?
True
Is 579009131 a composite number?
True
Is 94928428447 prime?
False
Is 11457728347 a composite number?
True
Is 4712746349 a composite number?
False
Is 67635923 composite?
False
Is 119531821553 a composite number?
False
Is 14944837559 prime?
False
Is 80957376007 a composite number?
True
Is 2867253427 a prime number?
False
Is 53940581917 a prime number?
True
Is 29025410093 a composite number?
False
Is 11550348377 composite?
True
Is 17316906437 composite?
True
Is 117464882 a composite number?
True
Is 1146867779 prime?
False
Is 106442992321 a composite number?
True
Is 3461766913 a composite number?
True
Is 99889079201 a composite number?
False
Is 1636779569 a composite number?
False
Is 170568215983 prime?
False
Is 137291085497 prime?
True
Is 2881658027 a prime number?
True
Is 980923277 a prime number?
True
Is 4034232809 a composite number?
False
Is 2520820453 prime?
True
Is 255452866 a composite number?
True
Is 173534831 prime?
True
Is 1037592559 prime?
True
Is 15885765733 prime?
True
Is 24924304607 prime?
False
Is 785744447 prime?
True
Is 57755305661 a composite number?
False
Is 72949129 composite?
True
Is 2207538373 a prime number?
False
Is 10966867 a prime number?
True
Is 6962385223 composite?
True
Is 55858890737 composite?
True
Is 79550147 prime?
False
Is 1415349667 composite?
False
Is 1884585419 a composite number?
False
Is 10363855765 a composite number?
True
Is 194976222494 a composite number?
True
Is 1149285